s divided by 2331?
272
Calculate the remainder when 28569 is divided by 28563.
6
What is the remainder when 109870050 is divided by 89?
84
Calculate the remainder when 492179 is divided by 281.
148
What is the remainder when 993041 is divided by 283?
277
What is the remainder when 1306353 is divided by 104?
9
Calculate the remainder when 149899 is divided by 24940.
259
What is the remainder when 98004798 is divided by 400?
398
What is the remainder when 518987 is divided by 1536?
1355
What is the remainder when 6799972 is divided by 267?
16
What is the remainder when 297572548 is divided by 75?
73
Calculate the remainder when 4225823 is divided by 155.
58
What is the remainder when 4753680 is divided by 902?
140
What is the remainder when 186055541 is divided by 951?
950
Calculate the remainder when 5610436 is divided by 50.
36
What is the remainder when 25426268 is divided by 32?
28
Calculate the remainder when 1023623 is divided by 102338.
243
What is the remainder when 9383 is divided by 3699?
1985
Calculate the remainder when 11840179 is divided by 20.
19
What is the remainder when 110802 is divided by 33902?
9096
What is the remainder when 84903451 is divided by 22?
17
What is the remainder when 9904991 is divided by 39?
5
What is the remainder when 10768 is divided by 5175?
418
Calculate the remainder when 8199914 is divided by 11.
8
What is the remainder when 367878 is divided by 122509?
351
What is the remainder when 19659615 is divided by 20?
15
Calculate the remainder when 11020250 is divided by 793.
722
Calculate the remainder when 41390 is divided by 19867.
1656
Calculate the remainder when 3962300 is divided by 714.
314
Calculate the remainder when 139251 is divided by 171.
57
What is the remainder when 567569855 is divided by 12?
11
What is the remainder when 91303697 is divided by 45651828?
41
What is the remainder when 10538357 is divided by 617?
614
Calculate the remainder when 109677552 is divided by 611.
608
Calculate the remainder when 183842284 is divided by 141.
139
Calculate the remainder when 102782 is divided by 219.
71
Calculate the remainder when 4686541 is divided by 462.
13
Calculate the remainder when 22734160 is divided by 41.
29
What is the remainder when 72800000 is divided by 36399995?
10
What is the remainder when 8920267 is divided by 4964?
4923
Calculate the remainder when 994067 is divided by 1175.
17
Calculate the remainder when 40202 is divided by 1345.
1197
What is the remainder when 282983 is divided by 409?
364
Calculate the remainder when 4927783 is divided by 46.
33
Calculate the remainder when 1315731 is divided by 192.
147
Calculate the remainder when 20722580 is divided by 62.
10
Calculate the remainder when 80393 is divided by 22.
5
Calculate the remainder when 189728 is divided by 654.
68
Calculate the remainder when 6496796 is divided by 50.
46
Calculate the remainder when 1831619 is divided by 338.
335
Calculate the remainder when 430682 is divided by 2197.
70
Calculate the remainder when 9631 is divided by 9520.
111
What is the remainder when 20534 is divided by 17320?
3214
What is the remainder when 1304924 is divided by 3919?
3816
What is the remainder when 25097 is divided by 4146?
221
What is the remainder when 64254717 is divided by 1731?
1728
Calculate the remainder when 98017 is divided by 1102.
1041
Calculate the remainder when 547653 is divided by 1772.
105
Calculate the remainder when 66507346 is divided by 175.
171
What is the remainder when 46058550 is divided by 1535285?
0
Calculate the remainder when 23846 is divided by 10693.
2460
What is the remainder when 199778 is divided by 15342?
332
Calculate the remainder when 37869574 is divided by 2328.
2326
What is the remainder when 7578501 is divided by 701?
691
What is the remainder when 115714331 is divided by 1488?
11
What is the remainder when 10062011 is divided by 159?
14
What is the remainder when 62670388 is divided by 57814?
12
What is the remainder when 7045560 is divided by 4409?
4387
Calculate the remainder when 15504024 is divided by 25.
24
What is the remainder when 8209102 is divided by 200?
102
Calculate the remainder when 153937574 is divided by 5043.
5042
Calculate the remainder when 103921392 is divided by 14.
8
Calculate the remainder when 3005428 is divided by 8.
4
What is the remainder when 27900 is divided by 27417?
483
What is the remainder when 13724910 is divided by 13724760?
150
Calculate the remainder when 2273045 is divided by 492.
5
What is the remainder when 14972945 is divided by 893?
14
What is the remainder when 877310 is divided by 2984?
14
Calculate the remainder when 506331 is divided by 10771.
94
What is the remainder when 565443 is divided by 94228?
75
What is the remainder when 18891770 is divided by 11?
7
What is the remainder when 29125976 is divided by 14?
12
Calculate the remainder when 985660717 is divided by 110.
107
What is the remainder when 14692517 is divided by 14692504?
13
What is the remainder when 399267 is divided by 99401?
1663
What is the remainder when 283074 is divided by 94345?
39
Calculate the remainder when 236662 is divided by 966.
958
Calculate the remainder when 1372606 is divided by 608.
350
Calculate the remainder when 295472552 is divided by 563.
18
Calculate the remainder when 3058905 is divided by 932.
81
Calculate the remainder when 983478 is divided by 983465.
13
What is the remainder when 4220865 is divided by 1406953?
6
What is the remainder when 4181191 is divided by 37?
6
Calculate the remainder when 4471468 is divided by 1252.
576
What is the remainder when 747611 is divided by 148?
63
What is the remainder when 543401 is divided by 31961?
64
Calculate the remainder when 195008 is divided by 2144.
2048
What is the remainder when 1191457 is divided by 319?
311
Calculate the remainder when 3659763 is divided by 522.
21
What is the remainder when 38630 is divided by 4666?
1302
What is the remainder when 9707 is divided by 133?
131
Calculate the remainder when 4101880 is divided by 262.
8
Calculate the remainder when 2410486649 is divided by 286.
285
Calculate the remainder when 35083802 is divided by 49.
47
What is the remainder when 24821818 is divided by 25883?
21
Calculate the remainder when 1534359 is divided by 103.
71
Calculate the remainder when 435735 is divided by 1178.
1053
What is the remainder when 290699 is divided by 199?
159
Calculate the remainder when 261340 is divided by 2003.
950
What is the remainder when 33984 is divided by 15213?
3558
What is the remainder when 270503117 is divided by 881?
877
What is the remainder when 17546 is divided by 2760?
986
Calculate the remainder when 278512 is divided by 128.
112
What is the remainder when 886205 is divided by 956?
949
Calculate the remainder when 5764915 is divided by 1051.
180
What is the remainder when 430827207 is divided by 28?
27
Calculate the remainder when 1310113 is divided by 3754.
3721
Calculate the remainder when 348367 is divided by 12441.
19
What is the remainder when 1231658 is divided by 141?
23
What is the remainder when 2742278 is divided by 2320?
38
What is the remainder when 425172 is divided by 11188?
28
What is the remainder when 41877293 is divided by 460190?
3
What is the remainder when 179190 is divided by 5695?
2645
Calculate the remainder when 62071096 is divided by 157142.
6
What is the remainder when 6733451 is divided by 280?
11
Calculate the remainder when 17209 is divided by 3317.
624
Calculate the remainder when 3193666 is divided by 1860.
46
What is the remainder when 4165847 is divided by 1450?
1447
Calculate the remainder when 3876544 is divided by 1938269.
6
What is the remainder when 7137950 is divided by 103?
50
Calculate the remainder when 48819669 is divided by 23.
7
What is the remainder when 8188035 is divided by 28?
23
Calculate the remainder when 1891372 is divided by 111208.
836
Calculate the remainder when 1200020 is divided by 299531.
1896
What is the remainder when 116695 is divided by 9029?
8347
Calculate the remainder when 10101562 is divided by 1452.
1450
What is the remainder when 586214 is divided by 17239?
88
Calculate the remainder when 21998890 is divided by 3871.
3868
Calculate the remainder when 1183995 is divided by 295989.
39
Wh